of 784486?
4
What is the ten thousands digit of 5569006?
6
What is the hundred thousands digit of 8494738?
4
What is the units digit of 7227972?
2
What is the hundreds digit of 16194607?
6
What is the tens digit of 182576?
7
What is the millions digit of 4486793?
4
What is the thousands digit of 12115601?
5
What is the hundred thousands digit of 153335?
1
What is the thousands digit of 636267?
6
What is the ten thousands digit of 1782323?
8
What is the ten thousands digit of 147519?
4
What is the units digit of 264938?
8
What is the units digit of 32046?
6
What is the units digit of 599833?
3
What is the tens digit of 4848259?
5
What is the hundred thousands digit of 8480096?
4
What is the units digit of 583849?
9
What is the ten thousands digit of 26896055?
9
What is the hundred thousands digit of 190710?
1
What is the units digit of 2740300?
0
What is the hundred thousands digit of 7727239?
7
What is the ten thousands digit of 162189?
6
What is the units digit of 3287347?
7
What is the units digit of 1975205?
5
What is the ten thousands digit of 1892952?
9
What is the units digit of 40344?
4
What is the hundreds digit of 352650?
6
What is the thousands digit of 909895?
9
What is the ten thousands digit of 2788988?
8
What is the units digit of 123833?
3
What is the hundred thousands digit of 646147?
6
What is the units digit of 13630?
0
What is the millions digit of 13252229?
3
What is the thousands digit of 7454?
7
What is the ten thousands digit of 3072221?
7
What is the units digit of 25703?
3
What is the units digit of 1719116?
6
What is the hundreds digit of 212121?
1
What is the hundreds digit of 1042712?
7
What is the hundreds digit of 8018455?
4
What is the millions digit of 2847807?
2
What is the millions digit of 4739932?
4
What is the thousands digit of 291795?
1
What is the tens digit of 275150?
5
What is the hundreds digit of 261179?
1
What is the thousands digit of 1861032?
1
What is the thousands digit of 127907?
7
What is the hundreds digit of 48174?
1
What is the hundred thousands digit of 136247?
1
What is the ten millions digit of 19181562?
1
What is the hundreds digit of 433680?
6
What is the thousands digit of 241721?
1
What is the hundreds digit of 85950?
9
What is the thousands digit of 13970184?
0
What is the ten thousands digit of 114592?
1
What is the hundreds digit of 1557940?
9
What is the units digit of 6372237?
7
What is the ten thousands digit of 702351?
0
What is the hundred thousands digit of 4113728?
1
What is the ten millions digit of 15948885?
1
What is the hundred thousands digit of 777223?
7
What is the units digit of 2678409?
9
What is the units digit of 20043282?
2
What is the units digit of 838072?
2
What is the units digit of 2328195?
5
What is the ten thousands digit of 2002099?
0
What is the tens digit of 2173323?
2
What is the ten thousands digit of 47088?
4
What is the tens digit of 83920?
2
What is the ten thousands digit of 9316878?
1
What is the ten thousands digit of 129277?
2
What is the hundreds digit of 4345816?
8
What is the hundreds digit of 15589824?
8
What is the ten thousands digit of 688287?
8
What is the tens digit of 455210?
1
What is the ten thousands digit of 16561563?
6
What is the hundred thousands digit of 883383?
8
What is the hundred thousands digit of 1055208?
0
What is the ten thousands digit of 291732?
9
What is the hundred thousands digit of 488367?
4
What is the hundreds digit of 156274?
2
What is the thousands digit of 76317?
6
What is the thousands digit of 313863?
3
What is the tens digit of 71952?
5
What is the hundreds digit of 3764346?
3
What is the tens digit of 126379?
7
What is the tens digit of 284027?
2
What is the ten thousands digit of 2379844?
7
What is the units digit of 3952476?
6
What is the ten thousands digit of 1167248?
6
What is the hundreds digit of 904366?
3
What is the hundreds digit of 333771?
7
What is the ten thousands digit of 9665396?
6
What is the units digit of 894053?
3
What is the ten thousands digit of 420770?
2
What is the millions digit of 16830277?
6
What is the tens digit of 963395?
9
What is the hundreds digit of 4024351?
3
What is the units digit of 15180266?
6
What is the units digit of 1573825?
5
What is the hundred thousands digit of 1659454?
6
What is the ten thousands digit of 16522313?
2
What is the millions digit of 20946931?
0
What is the units digit of 4025713?
3
What is the ten thousands digit of 93625?
9
What is the hundreds digit of 682905?
9
What is the units digit of 7572819?
9
What is the tens digit of 219792?
9
What is the hundred thousands digit of 977789?
9
What is the units digit of 13517423?
3
What is the hundred thousands digit of 3446363?
4
What is the ten thousands digit of 1970362?
7
What is the hundred thousands digit of 25224008?
2
What is the units digit of 10751119?
9
What is the hundred thousands digit of 3530548?
5
What is the ten thousands digit of 1095723?
9
What is the tens digit of 253990?
9
What is the thousands digit of 631024?
1
What is the units digit of 18624627?
7
What is the hundreds digit of 102633?
6
What is the tens digit of 172430?
3
What is the thousands digit of 421688?
1
What is the ten thousands digit of 1145341?
4
What is the units digit of 1113846?
6
What is the tens digit of 5657043?
4
What is the thousands digit of 791769?
1
What is the hundreds digit of 1377457?
4
What is the hundred thousands digit of 509022?
5
What is the thousands digit of 158261?
8
What is the hundreds digit of 1135253?
2
What is the units digit of 264231?
1
What is the hundred thousands digit of 663132?
6
What is the thousands digit of 7690022?
0
What is the hundreds digit of 483631?
6
What is the thousands digit of 915347?
5
What is the thousands digit of 402024?
2
What is the ten thousands digit of 32393773?
9
What is the hundred thousands digit of 15499658?
4
What is the tens digit of 170575?
7
What is the hundreds digit of 198452?
4
What is the ten thousands digit of 16418304?
1
What is the units digit of 482387?
7
What is the hundreds digit of 825410?
4
What is the tens digit of 508714?
1
What is the hundreds digit of 541531?
5
What is the millions digit of 12467910?
2
What is the thousands digit of 190074?
0
What is the units digit of 7776203?
3
What is the units digit of 14647604?
4
What is the ten thousands digit of 301305?
0
What is the hundred thousands digit of 4398448?
3
What is the tens digit of 342674?
7
What is the ten thousands digit of 551704?
5
What is the hundreds digit of 2070061?
0
What is the units digit of 8845610?
0
What is the units digit of 1211789?
9
What is the hundred thousands digit of 3177003?
1
What is the thousands digit of 9688761?
8
What is the units digit of 5978056?
6
What is the ten millions digit of 25663027?
2
What is the ten thousands digit of 1942651?
4
What is the hundreds digit of 286880?
8
What is the tens digit of 4355331?
3
What is the thousands digit of 8126875?
6
What is the thousands digit of 1800115?
0
What is the hundreds digit of 705440?
4
What is the tens digit of 652624?
2
What is the thousands digit of 267923?
7
What is the ten thousands digit of 1156839?
5
What is the ten thousands digit of 864700?
6
What is the thousands digit of 239323?
9
What is the hundred thousands digit of 2497968?
4
What is the units digit of 1322398?
8
What is the ten thousands digit of 425848?
2
What is the thousands digit of 11412018?
2
What is the tens digit of 21172303?
0
What is the thousands digit of 5590792?
0
What is the thousands digit of 22473370?
3
What is the hundred thousands digit of 567425?
5
What is the tens digit of 39010?
1
What is the thousands digit of 506678?
6
What is the units digit of 8454041?
1
What is the tens digit of 2269302?
0
What is the tens digit of 259290?
9
What is the hundreds digit of 1115242?
2
What is the hundred thousands digit of 6507381?
5
What is the thousands digit of 623286?
3
What is the tens digit of 536562?
6
What is the tens digit of 582530?
3
What is the tens digit of 9618390?
9
What is the hundred thousands digit of 27002287?
0
What is the hundreds digit of 1972373?
3
What is the thousands digit of 92356?
2
What is the ten thousands digit of 8746904?
4
What is the units digit of 4134189?
9
What is the tens digit of 26754?
